{"id":7647,"date":"2023-04-27T13:47:58","date_gmt":"2023-04-27T13:47:58","guid":{"rendered":"https:\/\/www.ilgazyegder.org\/?page_id=7647"},"modified":"2024-04-23T11:58:25","modified_gmt":"2024-04-23T11:58:25","slug":"bulten","status":"publish","type":"page","link":"https:\/\/www.ilgazyegder.org\/?page_id=7647","title":{"rendered":"B\u00fclten"},"content":{"rendered":"\t\t<div data-elementor-type=\"wp-page\" data-elementor-id=\"7647\" class=\"elementor elementor-7647\">\n\t\t\t\t\t\t\t\t\t<section class=\"elementor-section elementor-top-section elementor-element elementor-element-222516f5 elementor-section-boxed elementor-section-height-default elementor-section-height-default\" data-id=\"222516f5\" data-element_type=\"section\">\n\t\t\t\t\t\t<div class=\"elementor-container elementor-column-gap-default\">\n\t\t\t\t\t<div class=\"elementor-column elementor-col-100 elementor-top-column elementor-element elementor-element-3e15768a\" data-id=\"3e15768a\" data-element_type=\"column\">\n\t\t\t<div class=\"elementor-widget-wrap elementor-element-populated\">\n\t\t\t\t\t\t\t\t<div class=\"elementor-element elementor-element-238f679e elementor-widget elementor-widget-text-editor\" data-id=\"238f679e\" data-element_type=\"widget\" data-widget_type=\"text-editor.default\">\n\t\t\t\t<div class=\"elementor-widget-container\">\n\t\t\t<style>\/*! elementor - v3.12.2 - 23-04-2023 *\/\n.elementor-widget-text-editor.elementor-drop-cap-view-stacked .elementor-drop-cap{background-color:#69727d;color:#fff}.elementor-widget-text-editor.elementor-drop-cap-view-framed .elementor-drop-cap{color:#69727d;border:3px solid;background-color:transparent}.elementor-widget-text-editor:not(.elementor-drop-cap-view-default) .elementor-drop-cap{margin-top:8px}.elementor-widget-text-editor:not(.elementor-drop-cap-view-default) .elementor-drop-cap-letter{width:1em;height:1em}.elementor-widget-text-editor .elementor-drop-cap{float:left;text-align:center;line-height:1;font-size:50px}.elementor-widget-text-editor .elementor-drop-cap-letter{display:inline-block}<\/style>\t\t\t\t<p>2023 YILINDA YAPILAN FAAL\u0130YETLER<\/p><p><img loading=\"lazy\" decoding=\"async\" class=\"alignnone size-thumbnail wp-image-15468\" src=\"https:\/\/www.ilgazyegder.org\/wp-content\/uploads\/2023\/08\/pdf-1-150x150.webp\" alt=\"\" width=\"150\" height=\"150\" srcset=\"https:\/\/www.ilgazyegder.org\/wp-content\/uploads\/2023\/08\/pdf-1-150x150.webp 150w, https:\/\/www.ilgazyegder.org\/wp-content\/uploads\/2023\/08\/pdf-1-145x145.webp 145w, https:\/\/www.ilgazyegder.org\/wp-content\/uploads\/2023\/08\/pdf-1-50x50.webp 50w\" sizes=\"auto, (max-width: 150px) 100vw, 150px\" \/><\/p><p><a href=\"https:\/\/www.ilgazyegder.org\/wp-content\/uploads\/2023\/05\/WS-Beyaz-Vintage-Gazete-Tarzinda-Bulten.pdf\" target=\"_blank\" rel=\"noopener\">\u00a0Ocak-\u00a0 Mart B\u00fclten<\/a><\/p><p><img loading=\"lazy\" decoding=\"async\" class=\"alignnone size-thumbnail wp-image-15468\" src=\"https:\/\/www.ilgazyegder.org\/wp-content\/uploads\/2023\/08\/pdf-1-150x150.webp\" alt=\"\" width=\"150\" height=\"150\" srcset=\"https:\/\/www.ilgazyegder.org\/wp-content\/uploads\/2023\/08\/pdf-1-150x150.webp 150w, https:\/\/www.ilgazyegder.org\/wp-content\/uploads\/2023\/08\/pdf-1-145x145.webp 145w, https:\/\/www.ilgazyegder.org\/wp-content\/uploads\/2023\/08\/pdf-1-50x50.webp 50w\" sizes=\"auto, (max-width: 150px) 100vw, 150px\" \/><\/p><p><a href=\"https:\/\/www.ilgazyegder.org\/wp-content\/uploads\/2023\/07\/nisan-haziran-e-bulten-1.pdf\">nisan-haziran e-b\u00fclten<\/a><\/p><p><img loading=\"lazy\" decoding=\"async\" class=\"alignnone size-thumbnail wp-image-15468\" src=\"https:\/\/www.ilgazyegder.org\/wp-content\/uploads\/2023\/08\/pdf-1-150x150.webp\" alt=\"\" width=\"150\" height=\"150\" srcset=\"https:\/\/www.ilgazyegder.org\/wp-content\/uploads\/2023\/08\/pdf-1-150x150.webp 150w, https:\/\/www.ilgazyegder.org\/wp-content\/uploads\/2023\/08\/pdf-1-145x145.webp 145w, https:\/\/www.ilgazyegder.org\/wp-content\/uploads\/2023\/08\/pdf-1-50x50.webp 50w\" sizes=\"auto, (max-width: 150px) 100vw, 150px\" \/><\/p><p><a href=\"https:\/\/www.ilgazyegder.org\/wp-content\/uploads\/2024\/04\/TEMMUZ-EYLUL-E-BULTEN.pdf\">TEMMUZ- EYL\u00dcL E B\u00dcLTEN<\/a><\/p><p>2024 YILINDA YAPILAN FAAL\u0130YETLER<\/p><p><img loading=\"lazy\" decoding=\"async\" class=\"alignnone size-thumbnail wp-image-15468\" src=\"https:\/\/www.ilgazyegder.org\/wp-content\/uploads\/2023\/08\/pdf-1-150x150.webp\" alt=\"\" width=\"150\" height=\"150\" srcset=\"https:\/\/www.ilgazyegder.org\/wp-content\/uploads\/2023\/08\/pdf-1-150x150.webp 150w, https:\/\/www.ilgazyegder.org\/wp-content\/uploads\/2023\/08\/pdf-1-145x145.webp 145w, https:\/\/www.ilgazyegder.org\/wp-content\/uploads\/2023\/08\/pdf-1-50x50.webp 50w\" sizes=\"auto, (max-width: 150px) 100vw, 150px\" \/><\/p><p><a href=\"https:\/\/www.ilgazyegder.org\/wp-content\/uploads\/2024\/04\/2024-ocak-mart-e-bulten.pdf\">2024 ocak-mart e b\u00fclten<\/a><\/p>\t\t\t\t\t\t<\/div>\n\t\t\t\t<\/div>\n\t\t\t\t\t<\/div>\n\t\t<\/div>\n\t\t\t\t\t\t\t<\/div>\n\t\t<\/section>\n\t\t\t\t\t\t\t<\/div>\n\t\t","protected":false},"excerpt":{"rendered":"<p>2023 YILINDA YAPILAN FAAL\u0130YETLER \u00a0Ocak-\u00a0 Mart B\u00fclten nisan-haziran e-b\u00fclten TEMMUZ- EYL\u00dcL E B\u00dcLTEN 2024 YILINDA YAPILAN FAAL\u0130YETLER 2024 ocak-mart e b\u00fclten<\/p>\n","protected":false},"author":1,"featured_media":0,"parent":0,"menu_order":0,"comment_status":"closed","ping_status":"closed","template":"","meta":{"footnotes":""},"class_list":["post-7647","page","type-page","status-publish","hentry"],"_links":{"self":[{"href":"https:\/\/www.ilgazyegder.org\/index.php?rest_route=\/wp\/v2\/pages\/7647","targetHints":{"allow":["GET"]}}],"collection":[{"href":"https:\/\/www.ilgazyegder.org\/index.php?rest_route=\/wp\/v2\/pages"}],"about":[{"href":"https:\/\/www.ilgazyegder.org\/index.php?rest_route=\/wp\/v2\/types\/page"}],"author":[{"embeddable":true,"href":"https:\/\/www.ilgazyegder.org\/index.php?rest_route=\/wp\/v2\/users\/1"}],"replies":[{"embeddable":true,"href":"https:\/\/www.ilgazyegder.org\/index.php?rest_route=%2Fwp%2Fv2%2Fcomments&post=7647"}],"version-history":[{"count":36,"href":"https:\/\/www.ilgazyegder.org\/index.php?rest_route=\/wp\/v2\/pages\/7647\/revisions"}],"predecessor-version":[{"id":15745,"href":"https:\/\/www.ilgazyegder.org\/index.php?rest_route=\/wp\/v2\/pages\/7647\/revisions\/15745"}],"wp:attachment":[{"href":"https:\/\/www.ilgazyegder.org\/index.php?rest_route=%2Fwp%2Fv2%2Fmedia&parent=7647"}],"curies":[{"name":"wp","href":"https:\/\/api.w.org\/{rel}","templated":true}]}}